{"id":74271,"date":"2024-04-06T23:21:59","date_gmt":"2024-04-06T21:21:59","guid":{"rendered":"https:\/\/kultur-radolfzell.de\/veranstaltung\/dessins-objets-versus-peinture-sculpture-39\/"},"modified":"2024-04-06T23:21:59","modified_gmt":"2024-04-06T21:21:59","slug":"dessins-objets-versus-peinture-sculpture-39","status":"publish","type":"tribe_events","link":"https:\/\/kultur-radolfzell.de\/ar\/veranstaltung\/dessins-objets-versus-peinture-sculpture-39\/","title":{"rendered":"Dessins + objets versus peinture + sculpture"},"content":{"rendered":"<p>D\u00e9crivez le contenu <u>en d\u00e9tail<\/u>. Transmettez au visiteur potentiel un &#8220;savoir d&#8217;initi\u00e9&#8221;.<br \/>\nQu&#8217;est-ce qui rend ce contenu sp\u00e9cial ? D\u00e9crivez tout ce qu&#8217;il faut savoir sur l&#8217;\u00e9v\u00e9nement. R\u00e9pondez si possible \u00e0 toutes les questions qu&#8217;un client pourrait poser \u00e0 l&#8217;office de tourisme.<\/p>\n","protected":false},"excerpt":{"rendered":"<p>D\u00e9crivez le contenu en d\u00e9tail. Transmettez au visiteur potentiel un &#8220;savoir d&#8217;initi\u00e9&#8221;. Qu&#8217;est-ce qui rend ce contenu sp\u00e9cial ? D\u00e9crivez [&hellip;]<\/p>\n","protected":false},"author":3,"featured_media":67425,"template":"","meta":{"_price":"","_stock":"","_tribe_ticket_header":"","_tribe_default_ticket_provider":"","_ticket_start_date":"","_ticket_end_date":"","_tribe_ticket_show_description":"","_tribe_ticket_show_not_going":false,"_tribe_ticket_use_global_stock":"","_tribe_ticket_global_stock_level":"","_global_stock_mode":"","_global_stock_cap":"","_tribe_rsvp_for_event":"","_tribe_ticket_going_count":"","_tribe_ticket_not_going_count":"","_tribe_tickets_list":"[]","_tribe_ticket_has_attendee_info_fields":false,"_tribe_events_status":"","_tribe_events_status_reason":"","footnotes":"","_tec_slr_enabled":"","_tec_slr_layout":""},"tags":[],"tribe_events_cat":[],"class_list":["post-74271","tribe_events","type-tribe_events","status-publish","has-post-thumbnail","hentry"],"yoast_head":"<!-- This site is optimized with the Yoast SEO plugin v26.7 - https:\/\/yoast.com\/wordpress\/plugins\/seo\/ -->\n<title>Dessins + objets versus peinture + sculpture | Kultur Radolfzell<\/title>\n<meta name=\"robots\" content=\"index, follow, max-snippet:-1, max-image-preview:large, max-video-preview:-1\" \/>\n<link rel=\"canonical\" href=\"https:\/\/kultur-radolfzell.de\/ar\/veranstaltung\/dessins-objets-versus-peinture-sculpture-39\/\" \/>\n<meta property=\"og:locale\" content=\"ar_AR\" \/>\n<meta property=\"og:type\" content=\"article\" \/>\n<meta property=\"og:title\" content=\"Dessins + objets versus peinture + sculpture | Kultur Radolfzell\" \/>\n<meta property=\"og:description\" content=\"D\u00e9crivez le contenu en d\u00e9tail. Transmettez au visiteur potentiel un &#8220;savoir d&#8217;initi\u00e9&#8221;. Qu&#8217;est-ce qui rend ce contenu sp\u00e9cial ? D\u00e9crivez [&hellip;]\" \/>\n<meta property=\"og:url\" content=\"https:\/\/kultur-radolfzell.de\/ar\/veranstaltung\/dessins-objets-versus-peinture-sculpture-39\/\" \/>\n<meta property=\"og:site_name\" content=\"Kultur Radolfzell\" \/>\n<meta property=\"og:image\" content=\"https:\/\/kultur-radolfzell.de\/wp-content\/uploads\/2024\/03\/mainImage-fVrj7X.tmp_-400x300-fkbRZY.tmp_.jpg\" \/>\n\t<meta property=\"og:image:width\" content=\"400\" \/>\n\t<meta property=\"og:image:height\" content=\"300\" \/>\n\t<meta property=\"og:image:type\" content=\"image\/jpeg\" \/>\n<meta name=\"twitter:card\" content=\"summary_large_image\" \/>\n<script type=\"application\/ld+json\" class=\"yoast-schema-graph\">{\"@context\":\"https:\/\/schema.org\",\"@graph\":[{\"@type\":\"WebPage\",\"@id\":\"https:\/\/kultur-radolfzell.de\/ar\/veranstaltung\/dessins-objets-versus-peinture-sculpture-39\/\",\"url\":\"https:\/\/kultur-radolfzell.de\/ar\/veranstaltung\/dessins-objets-versus-peinture-sculpture-39\/\",\"name\":\"Dessins + objets versus peinture + sculpture | Kultur Radolfzell\",\"isPartOf\":{\"@id\":\"https:\/\/kultur-radolfzell.de\/ar\/#website\"},\"primaryImageOfPage\":{\"@id\":\"https:\/\/kultur-radolfzell.de\/ar\/veranstaltung\/dessins-objets-versus-peinture-sculpture-39\/#primaryimage\"},\"image\":{\"@id\":\"https:\/\/kultur-radolfzell.de\/ar\/veranstaltung\/dessins-objets-versus-peinture-sculpture-39\/#primaryimage\"},\"thumbnailUrl\":\"https:\/\/kultur-radolfzell.de\/wp-content\/uploads\/2024\/03\/mainImage-fVrj7X.tmp_-400x300-fkbRZY.tmp_.jpg\",\"datePublished\":\"2024-04-06T21:21:59+00:00\",\"breadcrumb\":{\"@id\":\"https:\/\/kultur-radolfzell.de\/ar\/veranstaltung\/dessins-objets-versus-peinture-sculpture-39\/#breadcrumb\"},\"inLanguage\":\"ar\",\"potentialAction\":[{\"@type\":\"ReadAction\",\"target\":[\"https:\/\/kultur-radolfzell.de\/ar\/veranstaltung\/dessins-objets-versus-peinture-sculpture-39\/\"]}]},{\"@type\":\"ImageObject\",\"inLanguage\":\"ar\",\"@id\":\"https:\/\/kultur-radolfzell.de\/ar\/veranstaltung\/dessins-objets-versus-peinture-sculpture-39\/#primaryimage\",\"url\":\"https:\/\/kultur-radolfzell.de\/wp-content\/uploads\/2024\/03\/mainImage-fVrj7X.tmp_-400x300-fkbRZY.tmp_.jpg\",\"contentUrl\":\"https:\/\/kultur-radolfzell.de\/wp-content\/uploads\/2024\/03\/mainImage-fVrj7X.tmp_-400x300-fkbRZY.tmp_.jpg\",\"width\":400,\"height\":300},{\"@type\":\"BreadcrumbList\",\"@id\":\"https:\/\/kultur-radolfzell.de\/ar\/veranstaltung\/dessins-objets-versus-peinture-sculpture-39\/#breadcrumb\",\"itemListElement\":[{\"@type\":\"ListItem\",\"position\":1,\"name\":\"Startseite\",\"item\":\"https:\/\/kultur-radolfzell.de\/ar\/%d8%a8%d9%8a%d8%aa\/\"},{\"@type\":\"ListItem\",\"position\":2,\"name\":\"Events\",\"item\":\"https:\/\/kultur-radolfzell.de\/ar\/veranstaltungen\/\"},{\"@type\":\"ListItem\",\"position\":3,\"name\":\"\u0627\u0644\u0631\u0633\u0648\u0645\u0627\u062a + \u0627\u0644\u0623\u0634\u064a\u0627\u0621 \u0645\u0642\u0627\u0628\u0644 \u0627\u0644\u0631\u0633\u0645 + \u0627\u0644\u0646\u062d\u062a\"}]},{\"@type\":\"WebSite\",\"@id\":\"https:\/\/kultur-radolfzell.de\/ar\/#website\",\"url\":\"https:\/\/kultur-radolfzell.de\/ar\/\",\"name\":\"Kultur Radolfzell\",\"description\":\"Landingpage\",\"publisher\":{\"@id\":\"https:\/\/kultur-radolfzell.de\/ar\/#organization\"},\"potentialAction\":[{\"@type\":\"SearchAction\",\"target\":{\"@type\":\"EntryPoint\",\"urlTemplate\":\"https:\/\/kultur-radolfzell.de\/ar\/?s={search_term_string}\"},\"query-input\":{\"@type\":\"PropertyValueSpecification\",\"valueRequired\":true,\"valueName\":\"search_term_string\"}}],\"inLanguage\":\"ar\"},{\"@type\":\"Organization\",\"@id\":\"https:\/\/kultur-radolfzell.de\/ar\/#organization\",\"name\":\"Kultur Radolfzell\",\"url\":\"https:\/\/kultur-radolfzell.de\/ar\/\",\"logo\":{\"@type\":\"ImageObject\",\"inLanguage\":\"ar\",\"@id\":\"https:\/\/kultur-radolfzell.de\/ar\/#\/schema\/logo\/image\/\",\"url\":\"https:\/\/kultur-radolfzell.de\/wp-content\/uploads\/2018\/11\/logo.png\",\"contentUrl\":\"https:\/\/kultur-radolfzell.de\/wp-content\/uploads\/2018\/11\/logo.png\",\"width\":500,\"height\":251,\"caption\":\"Kultur Radolfzell\"},\"image\":{\"@id\":\"https:\/\/kultur-radolfzell.de\/ar\/#\/schema\/logo\/image\/\"}}]}<\/script>\n<!-- \/ Yoast SEO plugin. -->","yoast_head_json":{"title":"Dessins + objets versus peinture + sculpture | Kultur Radolfzell","robots":{"index":"index","follow":"follow","max-snippet":"max-snippet:-1","max-image-preview":"max-image-preview:large","max-video-preview":"max-video-preview:-1"},"canonical":"https:\/\/kultur-radolfzell.de\/ar\/veranstaltung\/dessins-objets-versus-peinture-sculpture-39\/","og_locale":"ar_AR","og_type":"article","og_title":"Dessins + objets versus peinture + sculpture | Kultur Radolfzell","og_description":"D\u00e9crivez le contenu en d\u00e9tail. Transmettez au visiteur potentiel un &#8220;savoir d&#8217;initi\u00e9&#8221;. Qu&#8217;est-ce qui rend ce contenu sp\u00e9cial ? D\u00e9crivez [&hellip;]","og_url":"https:\/\/kultur-radolfzell.de\/ar\/veranstaltung\/dessins-objets-versus-peinture-sculpture-39\/","og_site_name":"Kultur Radolfzell","og_image":[{"width":400,"height":300,"url":"https:\/\/kultur-radolfzell.de\/wp-content\/uploads\/2024\/03\/mainImage-fVrj7X.tmp_-400x300-fkbRZY.tmp_.jpg","type":"image\/jpeg"}],"twitter_card":"summary_large_image","schema":{"@context":"https:\/\/schema.org","@graph":[{"@type":"WebPage","@id":"https:\/\/kultur-radolfzell.de\/ar\/veranstaltung\/dessins-objets-versus-peinture-sculpture-39\/","url":"https:\/\/kultur-radolfzell.de\/ar\/veranstaltung\/dessins-objets-versus-peinture-sculpture-39\/","name":"Dessins + objets versus peinture + sculpture | Kultur Radolfzell","isPartOf":{"@id":"https:\/\/kultur-radolfzell.de\/ar\/#website"},"primaryImageOfPage":{"@id":"https:\/\/kultur-radolfzell.de\/ar\/veranstaltung\/dessins-objets-versus-peinture-sculpture-39\/#primaryimage"},"image":{"@id":"https:\/\/kultur-radolfzell.de\/ar\/veranstaltung\/dessins-objets-versus-peinture-sculpture-39\/#primaryimage"},"thumbnailUrl":"https:\/\/kultur-radolfzell.de\/wp-content\/uploads\/2024\/03\/mainImage-fVrj7X.tmp_-400x300-fkbRZY.tmp_.jpg","datePublished":"2024-04-06T21:21:59+00:00","breadcrumb":{"@id":"https:\/\/kultur-radolfzell.de\/ar\/veranstaltung\/dessins-objets-versus-peinture-sculpture-39\/#breadcrumb"},"inLanguage":"ar","potentialAction":[{"@type":"ReadAction","target":["https:\/\/kultur-radolfzell.de\/ar\/veranstaltung\/dessins-objets-versus-peinture-sculpture-39\/"]}]},{"@type":"ImageObject","inLanguage":"ar","@id":"https:\/\/kultur-radolfzell.de\/ar\/veranstaltung\/dessins-objets-versus-peinture-sculpture-39\/#primaryimage","url":"https:\/\/kultur-radolfzell.de\/wp-content\/uploads\/2024\/03\/mainImage-fVrj7X.tmp_-400x300-fkbRZY.tmp_.jpg","contentUrl":"https:\/\/kultur-radolfzell.de\/wp-content\/uploads\/2024\/03\/mainImage-fVrj7X.tmp_-400x300-fkbRZY.tmp_.jpg","width":400,"height":300},{"@type":"BreadcrumbList","@id":"https:\/\/kultur-radolfzell.de\/ar\/veranstaltung\/dessins-objets-versus-peinture-sculpture-39\/#breadcrumb","itemListElement":[{"@type":"ListItem","position":1,"name":"Startseite","item":"https:\/\/kultur-radolfzell.de\/ar\/%d8%a8%d9%8a%d8%aa\/"},{"@type":"ListItem","position":2,"name":"Events","item":"https:\/\/kultur-radolfzell.de\/ar\/veranstaltungen\/"},{"@type":"ListItem","position":3,"name":"\u0627\u0644\u0631\u0633\u0648\u0645\u0627\u062a + \u0627\u0644\u0623\u0634\u064a\u0627\u0621 \u0645\u0642\u0627\u0628\u0644 \u0627\u0644\u0631\u0633\u0645 + \u0627\u0644\u0646\u062d\u062a"}]},{"@type":"WebSite","@id":"https:\/\/kultur-radolfzell.de\/ar\/#website","url":"https:\/\/kultur-radolfzell.de\/ar\/","name":"Kultur Radolfzell","description":"Landingpage","publisher":{"@id":"https:\/\/kultur-radolfzell.de\/ar\/#organization"},"potentialAction":[{"@type":"SearchAction","target":{"@type":"EntryPoint","urlTemplate":"https:\/\/kultur-radolfzell.de\/ar\/?s={search_term_string}"},"query-input":{"@type":"PropertyValueSpecification","valueRequired":true,"valueName":"search_term_string"}}],"inLanguage":"ar"},{"@type":"Organization","@id":"https:\/\/kultur-radolfzell.de\/ar\/#organization","name":"Kultur Radolfzell","url":"https:\/\/kultur-radolfzell.de\/ar\/","logo":{"@type":"ImageObject","inLanguage":"ar","@id":"https:\/\/kultur-radolfzell.de\/ar\/#\/schema\/logo\/image\/","url":"https:\/\/kultur-radolfzell.de\/wp-content\/uploads\/2018\/11\/logo.png","contentUrl":"https:\/\/kultur-radolfzell.de\/wp-content\/uploads\/2018\/11\/logo.png","width":500,"height":251,"caption":"Kultur Radolfzell"},"image":{"@id":"https:\/\/kultur-radolfzell.de\/ar\/#\/schema\/logo\/image\/"}}]}},"ticketed":false,"_links":{"self":[{"href":"https:\/\/kultur-radolfzell.de\/ar\/wp-json\/wp\/v2\/tribe_events\/74271","targetHints":{"allow":["GET"]}}],"collection":[{"href":"https:\/\/kultur-radolfzell.de\/ar\/wp-json\/wp\/v2\/tribe_events"}],"about":[{"href":"https:\/\/kultur-radolfzell.de\/ar\/wp-json\/wp\/v2\/types\/tribe_events"}],"author":[{"embeddable":true,"href":"https:\/\/kultur-radolfzell.de\/ar\/wp-json\/wp\/v2\/users\/3"}],"version-history":[{"count":0,"href":"https:\/\/kultur-radolfzell.de\/ar\/wp-json\/wp\/v2\/tribe_events\/74271\/revisions"}],"wp:featuredmedia":[{"embeddable":true,"href":"https:\/\/kultur-radolfzell.de\/ar\/wp-json\/wp\/v2\/media\/67425"}],"wp:attachment":[{"href":"https:\/\/kultur-radolfzell.de\/ar\/wp-json\/wp\/v2\/media?parent=74271"}],"wp:term":[{"taxonomy":"post_tag","embeddable":true,"href":"https:\/\/kultur-radolfzell.de\/ar\/wp-json\/wp\/v2\/tags?post=74271"},{"taxonomy":"tribe_events_cat","embeddable":true,"href":"https:\/\/kultur-radolfzell.de\/ar\/wp-json\/wp\/v2\/tribe_events_cat?post=74271"}],"curies":[{"name":"wp","href":"https:\/\/api.w.org\/{rel}","templated":true}]}}

<p>Décrivez le contenu <u>en détail</u>. Transmettez au visiteur potentiel un &#8220;savoir d&#8217;initié&#8221;.<br />
Qu&#8217;est-ce qui rend ce contenu spécial ? Décrivez tout ce qu&#8217;il faut savoir sur l&#8217;événement. Répondez si possible à toutes les questions qu&#8217;un client pourrait poser à l&#8217;office de tourisme.</p>

<p>Décrivez le contenu en détail. Transmettez au visiteur potentiel un &#8220;savoir d&#8217;initié&#8221;. Qu&#8217;est-ce qui rend ce contenu spécial ? Décrivez [&hellip;]</p>

<!-- This site is optimized with the Yoast SEO plugin v26.7 - https://yoast.com/wordpress/plugins/seo/ -->
<title>Dessins + objets versus peinture + sculpture | Kultur Radolfzell</title>
<meta name="robots" content="index, follow, max-snippet:-1, max-image-preview:large, max-video-preview:-1" />
<link rel="canonical" href="https://kultur-radolfzell.de/ar/veranstaltung/dessins-objets-versus-peinture-sculpture-39/" />
<meta property="og:locale" content="ar_AR" />
<meta property="og:type" content="article" />
<meta property="og:title" content="Dessins + objets versus peinture + sculpture | Kultur Radolfzell" />
<meta property="og:description" content="Décrivez le contenu en détail. Transmettez au visiteur potentiel un &#8220;savoir d&#8217;initié&#8221;. Qu&#8217;est-ce qui rend ce contenu spécial ? Décrivez [&hellip;]" />
<meta property="og:url" content="https://kultur-radolfzell.de/ar/veranstaltung/dessins-objets-versus-peinture-sculpture-39/" />
<meta property="og:site_name" content="Kultur Radolfzell" />
<meta property="og:image" content="https://kultur-radolfzell.de/wp-content/uploads/2024/03/mainImage-fVrj7X.tmp_-400x300-fkbRZY.tmp_.jpg" />
	<meta property="og:image:width" content="400" />
	<meta property="og:image:height" content="300" />
	<meta property="og:image:type" content="image/jpeg" />
<meta name="twitter:card" content="summary_large_image" />
<script type="application/ld+json" class="yoast-schema-graph">{"@context":"https://schema.org","@graph":[{"@type":"WebPage","@id":"https://kultur-radolfzell.de/ar/veranstaltung/dessins-objets-versus-peinture-sculpture-39/","url":"https://kultur-radolfzell.de/ar/veranstaltung/dessins-objets-versus-peinture-sculpture-39/","name":"Dessins + objets versus peinture + sculpture | Kultur Radolfzell","isPartOf":{"@id":"https://kultur-radolfzell.de/ar/#website"},"primaryImageOfPage":{"@id":"https://kultur-radolfzell.de/ar/veranstaltung/dessins-objets-versus-peinture-sculpture-39/#primaryimage"},"image":{"@id":"https://kultur-radolfzell.de/ar/veranstaltung/dessins-objets-versus-peinture-sculpture-39/#primaryimage"},"thumbnailUrl":"https://kultur-radolfzell.de/wp-content/uploads/2024/03/mainImage-fVrj7X.tmp_-400x300-fkbRZY.tmp_.jpg","datePublished":"2024-04-06T21:21:59+00:00","breadcrumb":{"@id":"https://kultur-radolfzell.de/ar/veranstaltung/dessins-objets-versus-peinture-sculpture-39/#breadcrumb"},"inLanguage":"ar","potentialAction":[{"@type":"ReadAction","target":["https://kultur-radolfzell.de/ar/veranstaltung/dessins-objets-versus-peinture-sculpture-39/"]}]},{"@type":"ImageObject","inLanguage":"ar","@id":"https://kultur-radolfzell.de/ar/veranstaltung/dessins-objets-versus-peinture-sculpture-39/#primaryimage","url":"https://kultur-radolfzell.de/wp-content/uploads/2024/03/mainImage-fVrj7X.tmp_-400x300-fkbRZY.tmp_.jpg","contentUrl":"https://kultur-radolfzell.de/wp-content/uploads/2024/03/mainImage-fVrj7X.tmp_-400x300-fkbRZY.tmp_.jpg","width":400,"height":300},{"@type":"BreadcrumbList","@id":"https://kultur-radolfzell.de/ar/veranstaltung/dessins-objets-versus-peinture-sculpture-39/#breadcrumb","itemListElement":[{"@type":"ListItem","position":1,"name":"Startseite","item":"https://kultur-radolfzell.de/ar/%d8%a8%d9%8a%d8%aa/"},{"@type":"ListItem","position":2,"name":"Events","item":"https://kultur-radolfzell.de/ar/veranstaltungen/"},{"@type":"ListItem","position":3,"name":"الرسومات + الأشياء مقابل الرسم + النحت"}]},{"@type":"WebSite","@id":"https://kultur-radolfzell.de/ar/#website","url":"https://kultur-radolfzell.de/ar/","name":"Kultur Radolfzell","description":"Landingpage","publisher":{"@id":"https://kultur-radolfzell.de/ar/#organization"},"potentialAction":[{"@type":"SearchAction","target":{"@type":"EntryPoint","urlTemplate":"https://kultur-radolfzell.de/ar/?s={search_term_string}"},"query-input":{"@type":"PropertyValueSpecification","valueRequired":true,"valueName":"search_term_string"}}],"inLanguage":"ar"},{"@type":"Organization","@id":"https://kultur-radolfzell.de/ar/#organization","name":"Kultur Radolfzell","url":"https://kultur-radolfzell.de/ar/","logo":{"@type":"ImageObject","inLanguage":"ar","@id":"https://kultur-radolfzell.de/ar/#/schema/logo/image/","url":"https://kultur-radolfzell.de/wp-content/uploads/2018/11/logo.png","contentUrl":"https://kultur-radolfzell.de/wp-content/uploads/2018/11/logo.png","width":500,"height":251,"caption":"Kultur Radolfzell"},"image":{"@id":"https://kultur-radolfzell.de/ar/#/schema/logo/image/"}}]}</script>
<!-- / Yoast SEO plugin. -->

Décrivez le contenu en détail. Transmettez au visiteur potentiel un &#8220;savoir d&#8217;initié&#8221;. Qu&#8217;est-ce qui rend ce contenu spécial ? Décrivez [&hellip;]

الرسومات + الأشياء مقابل الرسم + النحت
